*r + r. Suppose -2*j + 4*h = -30, -3*j + 7*j - 2*h - 78 = r. What are the prime factors of (j - -1) + 4 + -1?
5
Suppose -118*c - 4*k = -116*c - 5214, -5*k - 2586 = -c. What are the prime factors of c?
3, 17
Let a = 56 - 191. Let q = -9 - -39. What are the prime factors of a/q*-1*10?
3, 5
Suppose 3*a = 8*a - n - 1, -5*a - n - 1 = 0. Suppose a = 8*m - 932 + 84. What are the prime factors of m?
2, 53
Suppose -180 = -q - 25. Let z be (-8)/(-5)*q/2. Suppose -3*i + z = i. List the prime factors of i.
31
Suppose -1 = -3*m - 13. What are the prime factors of (-1 - -9)/m*(-178)/4?
89
Suppose 0 = 5*y + 4*o - 40, 2*y - 17 = o - 1. Suppose 2*p + y = -4*d - 2*p, -d - 4*p = 8. List the prime factors of (d + -8)*105/(-28).
2, 3, 5
Suppose d + 164 - 381 = 0. What are the prime factors of d?
7, 31
Suppose 277*w = 298*w - 53214. List the prime factors of w.
2, 7, 181
Let v be (-1)/4 + (-100)/(-16). Let s be 183/v - (-3)/6. Let o = s + -22. What are the prime factors of o?
3
Let z(w) = w**3 - 9*w**2 + 6*w + 3. Let c be 2*-1 - (1 + -22). Let b = 28 - c. List the prime factors of z(b).
3, 19
Let x be 2/(4 - 114/28). Let j = 35 + x. Suppose j*u = -54 + 194. List the prime factors of u.
2, 5
Let y be (-6)/4*7620/45. Let x = -118 - y. What are the prime factors of x?
2, 17
Suppose 2*p - 3052 = 6*p. Suppose -j - 9 = -5*q, -30*j + 3 = -29*j + q. What are the prime factors of j/2 - p/14?
5, 11
Let o be 6/(-27) - 980/(-36). Let k = -25 + o. Suppose -t = -3*y - 2, -4*t - y + 32 + k = 0. List the prime factors of t.
2
Let p(g) = 6*g + 1. Suppose -32 = -3*c - 11. Let r be p(c). Suppose 2*q + r = v, -2*v - 2*q + 94 = 2*q. What are the prime factors of v?
3, 5
Let d(c) = -89*c + 136. What are the prime factors of d(-5)?
7, 83
Let o be (-2)/4 + (-116)/8. What are the prime factors of 4*(3 - o/(-12))?
7
Let n(p) be the first derivative of -p**3/3 - 19*p**2/2 - p + 3. Let j = -23 + 7. List the prime factors of n(j).
47
Let s = -14 + 16. Suppose -3*d + 149 = 4*x - 167, -s*d + 4*x = -204. What are the prime factors of d?
2, 13
Let r = 11 + -21. Let z be 2/(-4)*(-22 - r). What are the prime factors of z/(-45) + 197/15?
13
Suppose k - 196 = -5*t - 2*k, t - 50 = 3*k. Suppose -2*q - t + 367 = 0. List the prime factors of q.
163
Suppose 22*m - 14383 = -1909. List the prime factors of m.
3, 7
Suppose -3*i + 4*y + 21 = 3*y, -4*i = -y - 27. Suppose 352 = 3*q + j, -11*j + 5 = -i*j. What are the prime factors of q?
3, 13
Let w(h) = h + 2*h**2 - 3*h**2 + 1 + 16*h. Let a(c) = -c**3 - 4*c**2 - 21*c - 73. Let l be a(-4). What are the prime factors of w(l)?
67
Let o(s) = 26*s**2 + 35*s - 81. What are the prime factors of o(-11)?
2, 5, 67
Suppose -3*t = -2*t - 3*p - 804, 0 = 2*t - p - 1633. List the prime factors of t.
3, 7, 13
Suppose 3*h = 4*h + 5. Let l = h - -6. Let m(u) = 6*u + 1. List the prime factors of m(l).
7
Let b = 12 - 2. Suppose -8*o - 32 = -b*o. List the prime factors of o.
2
Let h(r) = -8*r - 4. Let v(s) = 57*s + 27. Let j(o) = -15*h(o) - 2*v(o). What are the prime factors of j(4)?
2, 3, 5
Let m(w) = 259*w - 154. What are the prime factors of m(8)?
2, 7, 137
Suppose 0*v - v + 5 = 0. Suppose -2*f - 10 = 0, v*g + 4*f + 10 = -0*g. List the prime factors of -66*(-3 + g)/2.
3, 11
Let j = 2468 + -1415. Suppose j = 5*t + s - 32, 4*t - 868 = s. What are the prime factors of t?
7, 31
Let v(z) = 112*z - 23. What are the prime factors of v(11)?
3, 13, 31
Let z(j) = 15*j**2 + 19*j - 22. What are the prime factors of z(-7)?
2, 5, 29
Let l = 3606 + -1616. What are the prime factors of l?
2, 5, 199
Let i(l) = l**3 + 6*l**2 - l - 1. Let k be i(-6). Let h be (k/(-2) + 2)*36. List the prime factors of (3/1)/((-3)/h).
2, 3
Let p(a) = 21 - 8*a - 11*a - a**2 + 20*a. List the prime factors of p(0).
3, 7
Suppose 0 = 5*j - 4*v - 1272, 45 = 3*j - 4*v - 723. List the prime factors of j.
2, 3, 7
Let r = 164 - -429. List the prime factors of r.
593
Let t(v) = -16*v**2 + 2*v + 1. Let z be t(-1). Let c = -2 - z. Suppose c*b + 38 = 16*b. List the prime factors of b.
2, 19
Let s(d) = -d - 6. Let b be s(-6). Suppose -2*x = -3*x + 4*z, b = x + z - 15. List the prime factors of x.
2, 3
Let t(w) = 2*w - 18. Let y be t(9). Suppose -4*n - 2*z + 176 = 0, y*n = -n - 4*z + 30. What are the prime factors of n?
2, 23
Suppose 8*n - 100 = 3*n. Suppose 0 = n*q - 25*q + 495. Let a = -60 + q. What are the prime factors of a?
3, 13
Let l = 3873 + -1635. List the prime factors of l.
2, 3, 373
Suppose 0*o + 222 = 4*h + 2*o, 0 = -5*h + 3*o + 261. Suppose 5*f - h = 26. What are the prime factors of f?
2
Suppose 0 = -5*h + 25, 707 = -2*c + 3*h + 2460. List the prime factors of c.
2, 13, 17
Let h(y) = y**3 - y**2 - y + 1. Let w(r) = 2*r**3 + 2*r**2 + 7*r + 12. Let i(z) = 3*h(z) - w(z). List the prime factors of i(8).
103
Suppose -r - 11 = -3*u, -3*u - 2*r + 2 = -3. What are the prime factors of (-2 - 71)/(u/(-9))?
3, 73
Suppose -4*y + 2*s - 3*s = -1375, -3*y = -4*s - 1036. List the prime factors of y.
2, 43
Suppose -5*o - 5*z - 12 = -1787, 1771 = 5*o + 3*z. What are the prime factors of o?
353
List the prime factors of ((-1410)/15)/((-1)/15).
2, 3, 5, 47
Suppose -9 = -4*d + 4*n + 15, -3*d = -n - 24. Suppose d = -t + 65. List the prime factors of t.
2, 7
Suppose -5*q - 6 = -2*q. Let y be 0 + (q - -3) + 138. Let i = -72 + y. List the prime factors of i.
67
Let o(l) = -7*l - 21*l**2 - 1 - l**3 + 8 + 3*l + 18. List the prime factors of o(-21).
109
Let d(y) = -14*y + 40. Let b be d(11). Let v = -27 - b. What are the prime factors of v?
3, 29
Suppose -v = -15 + 11. Suppose -3*o + g = -220, -2*o + 53 + 87 = -v*g. List the prime factors of o.
2, 37
Let b(f) = -f**3 - 15*f**2 + 17*f + 19. Let g be b(-16). Suppose -39 = -g*x + 111. What are the prime factors of x?
2, 5
Suppose 0 = 102*n - 100*n. Suppose -v + 4*v - 141 = n. List the prime factors of v.
47
Let d be (-6)/15*(-12 - 13). Suppose 0 = -d*r + 2884 - 354. What are the prime factors of r?
11, 23
Suppose 4*p - 5*z = 6319, 0 = 3*z - 8 - 7. What are the prime factors of p?
2, 13, 61
Let y(z) = 8*z**3 - 16*z**2 + 59*z - 17. What are the prime factors of y(5)?
2, 439
Let r be 15/(-50) + (-1437)/10. Let i = -68 + -33. Let b = i - r. List the prime factors of b.
43
Suppose -3 = -13*n + 23. Suppose n*l + 5*k - 211 = 0, 3*l + 0*l + k - 284 = 0. List the prime factors of l.
3, 31
Let c(s) = -2*s - 6. Let q be c(-8). Suppose -v - 6*b + 47 = -q*b, -185 = -5*v - 5*b. What are the prime factors of v?
3, 13
Let o(s) = -3*s - 10. Let n be o(-6). Let a(r) = 6*r - 3. List the prime factors of a(n).
3, 5
Let w = 7593 - 4187. List the prime factors of w.
2, 13, 131
Let a = 86 - -25. List the prime factors of a.
3, 37
Suppose -3*s + 2*a - 6 = 0, 3*s - 2*a = 2*a - 6. What are the prime factors of ((-138)/8)/(s/8)?
3, 23
Let w(k) = -3*k - 7*k**3 + 5*k - 14*k**2 - 3*k - 1 + 15*k**2. Let a be w(-1). What are the prime factors of (-123)/(-6) + (-4)/a?
2, 5
List the prime factors of 3078/7 + (-11)/385*-10.
2, 5, 11
Let h = 576 + 294. Suppose h = 12*m - 2*m. List the prime factors of m.
3, 29
Suppose 0 = 11*d - 16*d + 6405. List the prime factors of d.
3, 7, 61
Let c(z) = -2*z**3 - 3*z**2. Suppose 0*p + 3*p + 6 = 0. Let r be c(p). Suppose -6*k + 26 = -r*k. List the prime factors of k.
13
Let c = 0 + 8. Let a = 35 + -68. Let b = c - a. What are the prime factors of b?
41
Suppose -3*t = 5*g, 0 = -2*t + t. Suppose 0 = -g*k + k. Suppose k = -0*s + s - 12. List the prime factors of s.
2, 3
Let m = -209 - -294. Let s = -7 - -2. Let f = m + s. List the prime factors of f.
2, 5
List the prime factors of -12*((-1310)/15 + (-7)/1).
2, 283
Let p(a) = a + 1. Let o be p(1). Let v(s) = 3*s**2 + 2 + 7*s**2 - 7*s**o. List the prime factors of v(-3).
29
Let j be (-6)/(-4)*184/6. Suppose -2*c = 2*c + 4*n - 164, -c + 4*n + j = 0. What are the prime factors of c?
2, 3, 7
List the prime factors of 54/(-9) - -340 - 4/1.
2, 3, 5, 11
Suppose 0 = -m - 2, 0 = -2*h + 2*m - 3 + 17. Let f(g) = -8*g**3 + g + h*g + 1 - 43*g**3 - 5*g. What are the prime factors of f(-1)?
3, 17
Let w(v) = v**3 + 12*v**2 - 2*v - 15. Let z be w(-12). Suppose 0 = -12*r + z*r + 348. What are the prime factors of r?
2, 29
Let o(h) = -h**3 + 3*h**2 + 3*h. Suppose 13 = 4*i + 1. List the prime factors of o(i).
3
Let q(b) = 7*b**2 + 16*b + 13. Suppose 3*d = d - 12. Li